tiple of 673?
True
Does 14 divide 5189023?
False
Does 37 divide 101127043?
False
Is 149966460 a multiple of 770?
False
Is 44091216 a multiple of 29?
False
Is 289 a factor of 176228443?
True
Is 775474 a multiple of 2?
True
Is 2672165676 a multiple of 116?
True
Does 11647 divide 2208759657?
False
Is 8 a factor of 205235808?
True
Does 367 divide 580365816?
False
Is 1174063863 a multiple of 21?
True
Does 1286 divide 471714156?
False
Is 2178042 a multiple of 74?
True
Is 5332 a factor of 561852111?
False
Does 1421 divide 1472898647?
False
Is 12 a factor of 164510628?
True
Is 17406094 a multiple of 236?
False
Does 158 divide 2691175?
False
Is 39 a factor of 1934927336?
False
Does 3098 divide 42199788?
False
Does 41 divide 366760349?
False
Is 52756781 a multiple of 799?
False
Does 31 divide 595359756?
False
Does 88 divide 69844280?
True
Is 198 a factor of 31551892?
False
Is 1643628691 a multiple of 25?
False
Does 11 divide 364303978?
False
Is 17 a factor of 8708429?
False
Does 5 divide 140739651?
False
Is 997038451 a multiple of 11?
False
Is 34 a factor of 588532907?
False
Does 51 divide 1678552414?
False
Does 127 divide 22890861?
True
Is 1086957669 a multiple of 6879?
True
Does 3373 divide 85492058?
True
Is 37 a factor of 615779123?
True
Does 1406 divide 16945701?
False
Is 575341411 a multiple of 29?
True
Does 8 divide 193451782?
False
Does 943 divide 8690688?
True
Does 1542 divide 68783994?
True
Does 698 divide 923340050?
False
Is 4768 a factor of 4605702048?
True
Is 212446650 a multiple of 39?
True
Is 756308 a multiple of 49?
False
Does 37 divide 372095755?
False
Is 1036 a factor of 218986196?
False
Is 21 a factor of 621807501?
True
Is 261 a factor of 78719301?
False
Is 239 a factor of 20074159?
False
Is 18 a factor of 1191034611?
False
Does 288 divide 22046292?
False
Does 257 divide 140818145?
False
Is 647866271 a multiple of 4134?
False
Does 80 divide 7703120?
True
Is 282859140 a multiple of 4348?
True
Is 3355 a factor of 141832625?
True
Does 125 divide 62978750?
True
Is 32458805 a multiple of 37?
True
Does 6222 divide 73575150?
True
Is 157947697 a multiple of 53?
False
Is 15 a factor of 42697030?
False
Does 1011 divide 12706823?
False
Is 128945700 a multiple of 650?
True
Is 998 a factor of 319974768?
True
Is 237429318 a multiple of 3711?
False
Is 729 a factor of 49319037?
True
Does 2122 divide 221375528?
True
Is 62858056 a multiple of 659?
True
Is 8288896 a multiple of 203?
True
Is 59896902 a multiple of 78?
True
Does 7525 divide 177484650?
True
Is 2037074 a multiple of 26?
True
Is 5 a factor of 57163807?
False
Is 1148 a factor of 5249804?
True
Is 23 a factor of 39284852?
False
Is 1407326828 a multiple of 11?
False
Is 122888205 a multiple of 23?
False
Is 1132011850 a multiple of 2315?
True
Is 96434754 a multiple of 382?
True
Does 40 divide 50659994?
False
Does 7384 divide 783935656?
False
Is 3016 a factor of 142705056?
True
Is 565 a factor of 1895243450?
False
Is 11 a factor of 1052597260?
True
Does 5 divide 2203761?
False
Is 106 a factor of 5959850?
True
Does 36 divide 484820316?
True
Does 276 divide 310156636?
False
Is 83659264 a multiple of 128?
True
Is 743 a factor of 16421879?
False
Is 2284 a factor of 734059328?
True
Is 39 a factor of 533717223?
True
Does 18 divide 149801130?
True
Does 6 divide 557112215?
False
Is 1056 a factor of 17507277?
False
Is 351352624 a multiple of 28?
True
Does 63 divide 2879160228?
True
Does 652 divide 541862114?
False
Is 116480754 a multiple of 1053?
True
Does 63 divide 787637983?
False
Is 3824 a factor of 65203024?
True
Does 76 divide 1055807428?
True
Is 178 a factor of 31982395?
False
Does 143 divide 13520650?
True
Is 1244 a factor of 1346464559?
False
Is 786 a factor of 581679558?
False
Is 1054122201 even?
False
Is 13344024 a multiple of 328?
True
Is 71 a factor of 12780?
True
Does 361 divide 3481372090?
True
Is 34942456 a multiple of 24?
False
Is 2208133879 a multiple of 263?
False
Is 157195080 a multiple of 210?
True
Is 22 a factor of 213417402?
True
Is 2460 a factor of 4015467840?
True
Is 13 a factor of 223039193?
True
Is 6906912408 a multiple of 11682?
True
Is 500 a factor of 2258891677?
False
Is 4107901 a multiple of 49?
False
Does 419 divide 140257317?
True
Is 332372358 a multiple of 1314?
True
Is 1082 a factor of 29736770?
False
Is 214834939 a multiple of 70?
False
Is 249 a factor of 4084301433?
True
Does 3335 divide 1725572355?
True
Is 36 a factor of 371941740?
True
Does 1592 divide 752063984?
True
Is 1325 a factor of 184613056?
False
Is 568 a factor of 143479933?
False
Is 1747 a factor of 3039034503?
False
Is 294 a factor of 3859666?
False
Is 2582911 a multiple of 52?
False
Is 11560038 a multiple of 1218?
True
Does 22 divide 44429949?
False
Is 21 a factor of 5483215?
False
Is 25 a factor of 11374850?
True
Does 2674 divide 557651286?
False
Is 96108446 a multiple of 17?
True
Is 603 a factor of 61068222?
True
Does 117 divide 45817410?
False
Does 25 divide 49502475?
True
Is 31824012 a multiple of 29?
False
Is 3 a factor of 8550802?
False
Is 225354494 a multiple of 11?
False
Does 4 divide 155424408?
True
Is 66359804 a multiple of 161?
False
Is 140 a factor of 245776316?
False
Does 5 divide 99091944?
False
Is 23 a factor of 112562460?
True
Is 6290043 a multiple of 629?
False
Is 825 a factor of 2795178375?
True
Is 117970198 a multiple of 472?
False
Does 4786 divide 509876510?
True
Is 157 a factor of 2682793662?
False
Does 171 divide 243501435?
True
Is 47408324 a multiple of 844?
True
Does 2 divide 2802826?
True
Does 151 divide 37289838?
False
Is 29 a factor of 35201998?
True
Does 114 divide 177505866?
True
Does 15 divide 26099700?
True
Does 164 divide 30820262?
False
Does 133 divide 75519794?
True
Is 719 a factor of 22456309?
False
Is 1902 a factor of 23750274?
True
Does 23 divide 279682185?
True
Is 210053346 a multiple of 2637?
False
Is 33014565 a multiple of 1078?
False
Does 2121 divide 58985010?
True
Does 20 divide 1114005962?
False
Does 22 divide 127050704?
True
Does 15 divide 45074996?
False
Does 391 divide 12497206?
False
Is 2358 a factor of 1409376600?
True
Is 62 a factor of 2548572?
True
Is 267 a factor of 40939854?
False
Is 2484062188 a multiple of 31?
False
Is 60 a factor of 1628850420?
True
Is 26893170 a multiple of 526?
False
Is 1500 a factor of 48888372?
False
Does 18 divide 27433538?
False
Is 498340990 a multiple of 28?
False
Does 48 divide 178871820?
False
Does 17 divide 104329680?
True
Is 31995574 a multiple of 53?
False
Does 13 divide 395757713?
True
Does 16 divide 122848194?
False
Is 26943622 a multiple of 74?
True
Is 236 a factor of 1462275824?
True
Is 3547855948 a multiple of 9122?
True
Is 296466658 a multiple of 141?
False
Is 32 a factor of 5183616?
True
Is 1466 a factor of 681235540?
True
Is 91 a factor of 82712894?
False
Is 1527 a factor of 343572556?
False
Is 8993 a factor of 5581556016?
False
Is 4972 a factor of 635625452?
True
Does 5 divide 23782001?
False
Is 215 a factor of 60899395?
True
Does 43 divide 123211469?
True
Is 20 a factor of 263426441?
False
Does 202 divide 87442164?
True
Is 3934367394 a multiple of 24?
False
Is 3415 a factor of 2709984314?
False
Does 19 divide 16882653?
False
Is 15 a factor of 191148280?
False
Is 173047215 a multiple of 12?
False
Is 12 a factor of 175812330?
False
Does 1494 divide 942453498?
False
Does 4500 divide 1594498500?
True
Is 1333 a factor of 3645855493?
False
Does 802 divide 73702244?
False
Is 9 a factor of 73690082?
False
Is 2782915720 a multiple of 13?
True
Is 228172996 a multiple of 1247?
False
Is 38 a factor of 1065184827?
False
Does 41 divide 356987451?
True
Is 1582720912 a multiple of 8?
True
Is 30 a factor of 627964590?
True
Does 624 divide 14178528?
True
Is 17 a factor of 10333280?
True
Does 1566 divide 259796268?
True
Does 4143 divide 534567147?
True
Is 28 a factor of 1050597940?
True
Is 100 a factor of 69811500?
True
Does 164 divide 387809312?
False
Does 803 divide 43001736?
False
Is 644 a factor of 18735892?
True
Is 200 a factor of 11615584?
False
Is 47 a factor of 36250556?
False
Does 1000 divide 7035000?
True
Is 1180817975 a multiple of 38?
False
Does 364 divide 71048789?
False
Does 11 divide 23300391?
False
Does 3 divide 23925171?
True
Is 30107097 a multiple of 190?
False
Does 19 divide 32593499?
False
Is 6078012 a multiple